*3 - 5*v**2 - 30*v - 26. Let g be w(-1). Calculate the highest common factor of g and 2760.
40
Let u(g) = g**2 + 7*g + 7. Suppose 4*c = 8*c + 32. Let r be u(c). Let s be (-261)/(-15) + (-6)/r. What is the greatest common divisor of s and 119?
17
Suppose 4*k - 5*q = 188, k - 43 = -q + 4. What is the greatest common factor of 5687 and k?
47
Let i = -317 - -587. Let o = i + -259. What is the highest common factor of 3 and o?
1
Let w(o) = 3*o**2 + 92*o + 359. Let j be w(-41). Calculate the greatest common divisor of j and 5.
5
Suppose -15 = -5*k, 2*i - 3*k + 19 = -4*k. Let b = -6 - i. Suppose b*z + 16 = 31. What is the highest common divisor of z and 15?
3
Let u be ((-450)/(-120))/(36/15456). Calculate the greatest common divisor of 60 and u.
10
Suppose -5*j - 4*q = 75 - 29, -3*j - 27 = 3*q. Let m be j/12 - (-537)/18. Calculate the greatest common divisor of m and 435.
29
Let m be 387/7 - (-12)/(-42). Suppose 104 = 4*u - 4*v - 76, -49 = -u + 5*v. What is the highest common divisor of u and m?
11
Suppose 4*o = -2*d + 72, 1 + 1 = d. Let f = 411 - 431. Let t be (-1 - -3) + f/(-8)*6. Calculate the greatest common divisor of o and t.
17
Let w be (-38)/57 - (611/(-3) - -2). Suppose -28*j - w = -4*p - 23*j, 4*p + 5*j - 151 = 0. Calculate the greatest common divisor of 110 and p.
22
Let k be 0 - 9/(-3) - 7 - -8. Suppose -1868 = -k*f + 4*d - d, 0 = -3*d + 12. What is the greatest common divisor of f and 10?
10
Let u = -196 - -217. Suppose -u*d = -14*d - 1372. What is the highest common factor of d and 147?
49
Let s = 12896 + 15006. What is the highest common divisor of s and 14?
14
Suppose 110*l - 92*l = -90*l + 86832. Calculate the highest common divisor of 6 and l.
6
Suppose -f - 64 = -2*q - 229, -5*q = 3*f - 484. What is the greatest common divisor of f and 6683?
163
Let k = 568 + -575. Let b(u) = 2*u**3 + 20*u**2 + 9*u - 10. Let m be b(k). Calculate the greatest common factor of m and 39.
13
Let i = 8612 + -8453. Let c = 141 - 88. Calculate the greatest common factor of i and c.
53
Suppose 130031 = 34*j - 35175. What is the greatest common factor of 172 and j?
43
Let z(d) = 228*d + 1115. Let x be z(-4). What is the highest common factor of 14 and x?
7
Suppose 0 = -3*m - 9 - 6, -4*l + m = -85. Suppose 30*t - l*t = 40. What is the greatest common factor of t and 108?
4
Let m be -2 + 5 + 144 + 4. Let h = m - 144. Suppose -h - 20 = -3*l. What is the highest common factor of l and 9?
9
Let y(s) = s - 14. Let c be y(-16). Let t = -26 - c. Let l = 22 + -10. Calculate the greatest common factor of l and t.
4
Let z = -4 - -24. Let h = -6573 + 6643. What is the highest common factor of h and z?
10
Suppose 6*b = -11*b + 102. Let j be (b/(-9))/(1/(9/(-2))). Suppose 7*n + k = j*n + 143, -4*k = -3*n + 93. What is the greatest common divisor of 7 and n?
7
Suppose 5*p - 22*o - 183 = -18*o, 3*p - o = 100. What is the highest common divisor of p and 155?
31
Let d(r) = r**3 + 5*r**2 + 3*r - 3. Let u be d(-3). Suppose 212*a - 187*a = 0. Suppose a = -u*t + 50 + 4. Calculate the greatest common divisor of t and 117.
9
Let d = 593 + -288. Let p = d + -131. Calculate the highest common factor of p and 290.
58
Let q = 5449 + -5221. Calculate the greatest common factor of 342 and q.
114
Let d = -2884 + 2995. Calculate the highest common divisor of d and 150.
3
Suppose l + 211 = 2*x + 2*x, 2*x - 109 = -3*l. Let g = x - 48. Let m be 12/(-6) - (-5)/(g/4). What is the highest common factor of m and 2?
2
Suppose t - 5*t = 4*m - 64, -4*m = -5*t + 107. Let h(a) = 12*a + 47. Let j be h(4). What is the greatest common divisor of t and j?
19
Let x = -204 - -396. Let k(o) = 319*o**2 - 1919*o + 36. Let y be k(6). Calculate the highest common factor of y and x.
6
Let q be 127 + (-2)/6 + (-11)/3. Suppose -3*u + 3 = 3*v, 0 = -37*v + 35*v - 3*u - 3. Calculate the greatest common factor of q and v.
3
Let n(s) = -715*s + 770. Let c be n(-1). Calculate the highest common factor of 300 and c.
15
Suppose 0 = -3*q + y + 79, -q + 20033*y = 20035*y - 24. Let k be 2/5 + (-1623)/(-5). What is the greatest common factor of k and q?
13
Suppose 1036*v - 1018*v - 16020 = 0. Calculate the greatest common divisor of 1 and v.
1
Let f be (-23 - 6 - -22) + (46 - 4). Suppose 0 = -2*i - 3*i + 125. Calculate the greatest common factor of f and i.
5
Suppose -17*p = -24*p. Let z be 2 - (p/(-4))/(-2). Let s be (-3 - -3) + -6*(-7)/z. What is the highest common factor of 105 and s?
21
Suppose 0 = -2*d + 558*j - 556*j + 16, 5*d + 5*j = 80. Calculate the highest common divisor of d and 78.
6
Let q(s) = 8*s**2 + 110*s + 116. Let r be q(-14). What is the highest common factor of 9036 and r?
36
Let i = 24347 - 24281. What is the highest common factor of 402 and i?
6
Let p = -89 + 86. Let t(s) = 11*s**2 + 2*s + 2. Let f be t(p). Let y = f - 65. What is the highest common factor of 60 and y?
30
Let k be (-38878)/(-9) - (-4)/18. Suppose -20*b - 10*b = -k. What is the greatest common divisor of 252 and b?
36
Suppose 4*t - 17793 = -3*v, 4450 = -118*t + 119*t + v. Calculate the highest common factor of 3 and t.
3
Let w(j) = 548*j**2 + 7*j - 6. Let a be w(1). Let m = -528 + a. Calculate the greatest common divisor of m and 7.
7
Suppose -16*a + 33888 = -29184. Calculate the greatest common factor of 584 and a.
146
Suppose -168*c - 4612 = -173*c + 2*b, c - 5*b = 904. What is the greatest common factor of 1260 and c?
84
Let j = 12465 + -668. Calculate the highest common factor of 251 and j.
251
Let i be 1/((-165)/84 + 2). Suppose 5096 = -42*w - 44*w + 114*w. What is the highest common divisor of w and i?
14
Let b be 67*-1 - (-4 - -7). Let y be (((-2)/(-5))/(14/b))/(-1). Suppose 0 = 3*h - 4*q - 10, -3*q - 3 = 4*h - 8. What is the highest common factor of h and y?
2
Let g = 5410 - 5188. Calculate the highest common factor of 108 and g.
6
Suppose -5*x = -m - 30 + 100, -2*m + 140 = x. Let t be 2/(-4) - ((-1932)/8)/3. What is the greatest common factor of t and m?
10
Suppose -243 = -7*n + 4*n. Let l(t) = t - 6. Let m be l(6). Suppose -3*q + 8*q - 45 = m. Calculate the greatest common factor of n and q.
9
Suppose 3*x = -0*j - 3*j + 21, 5*x = -2*j + 23. Let h be (x/(-3))/((-9)/18). Let c be h/(8/(-3)) + (-93)/(-12). Calculate the greatest common factor of c and 2.
1
Suppose 28 = y + i, -94 = -4*y + 2*i - 0*i. Let s = 65 - y. What is the highest common factor of 8 and s?
8
Let v = 4 - 0. Suppose -v*m + 3*m = 4. Let i(d) = d**3 + 6*d**2 - 5*d + 3. Let g be i(m). Calculate the highest common factor of g and 11.
11
Suppose 73*d = -31*d + 619528. Calculate the greatest common divisor of 23 and d.
23
Let i(g) = 31*g + 50. Let d be i(3). Suppose -16*v + 1137 = -d. Calculate the highest common factor of 380 and v.
20
Let q = 7 + -3. Suppose 16910 - 15760 = 25*s. What is the greatest common factor of q and s?
2
Suppose 3*h = -3*h + 102. Suppose 0 = -2*b + u + 21, -4*u + 31 + h = 3*b. Let l = 918 + -786. Calculate the highest common factor of b and l.
12
Let a = 103 - -12. Let k(s) = -701*s**2 - 4*s - 1. Let b be k(1). Let y = 752 + b. Calculate the highest common divisor of a and y.
23
Let m(p) = -16*p - 15. Let s be m(-7). Suppose 9*i + s = 421. Let g be -3*3/i*-12. What is the greatest common divisor of g and 18?
3
Let b = 903 - 497. Suppose -12*a + b = -5*a. What is the greatest common factor of a and 29?
29
Let r be (-1030)/(-18) + 48/(-216). What is the greatest common divisor of r and 11856?
57
Suppose -2*u + 3*b - 187 = 0, -2*u + 2*b - 61 - 125 = 0. Let z = u + 251. Calculate the greatest common divisor of 53 and z.
53
Let y be ((-645)/(-86)*34/6)/(21/3150). What is the greatest common factor of 765 and y?
255
Let l be (60 - 65)/(1 - 942/940). Calculate the highest common factor of 329 and l.
47
Suppose 2*q + 812 = 2*g, 2012 = -2*g + 7*g + q. Let h = -349 + 362. What is the greatest common factor of h and g?
13
Suppose 262 = 5*h - 343. Let j = -20 + 24. Suppose j*m + 20 = 0, 6*m - 28 = -3*k + 5*m. What is the greatest common divisor of k and h?
11
Suppose 8 = -4*w + 48. Let k be (-1)/(-3*(-4)/(-276)). Suppose k - 13 = 5*n. Calculate the greatest common factor of n and w.
2
Let b(k) = 59*k + 3794. Let d be b(59). Calculate the highest common factor of 150 and d.
75
Suppose -46*v = 3*m - 47*v - 1124, -4*m + 1484 = -5*v. Let z = -107 - -201.